alse
Is 1800 a multiple of 150?
True
Is 112 a factor of 5908?
False
Is 4160 a multiple of 104?
True
Is 10 a multiple of 10?
True
Does 48 divide 76368?
True
Does 8 divide 3984?
True
Is 650 a multiple of 5?
True
Is 147 a multiple of 25?
False
Does 28 divide 917?
False
Does 13 divide 3276?
True
Is 67 a factor of 4793?
False
Does 48 divide 528?
True
Does 13 divide 1872?
True
Is 5 a factor of 19278?
False
Is 5942 a multiple of 18?
False
Is 2109 a multiple of 111?
True
Does 8 divide 11348?
False
Is 11 a factor of 4301?
True
Is 7531 a multiple of 17?
True
Does 14 divide 1142?
False
Is 60 a factor of 27000?
True
Is 19 a factor of 2698?
True
Does 19 divide 551?
True
Is 294 a multiple of 79?
False
Is 21045 a multiple of 305?
True
Is 20 a factor of 65053?
False
Is 24 a factor of 792?
True
Does 95 divide 1425?
True
Is 158 a factor of 22278?
True
Does 38 divide 8565?
False
Is 6750 a multiple of 9?
True
Is 51 a multiple of 13?
False
Does 7 divide 2710?
False
Is 2055 a multiple of 52?
False
Is 36974 a multiple of 68?
False
Is 80 a factor of 3469?
False
Is 10 a factor of 818?
False
Is 22 a factor of 88?
True
Is 84 a multiple of 14?
True
Is 2112 a multiple of 11?
True
Is 28 a multiple of 4?
True
Is 71 a factor of 5538?
True
Is 15 a factor of 24161?
False
Is 258 a factor of 31218?
True
Does 14 divide 428?
False
Does 21 divide 3402?
True
Is 23441 a multiple of 19?
False
Does 22 divide 2750?
True
Is 16011 a multiple of 27?
True
Is 933 even?
False
Is 5576 a multiple of 15?
False
Does 50 divide 700?
True
Is 13 a multiple of 9?
False
Does 37 divide 5005?
False
Is 1519 a multiple of 24?
False
Is 27265 a multiple of 43?
False
Is 29 a factor of 185?
False
Does 14 divide 602?
True
Does 43 divide 44548?
True
Is 35 a factor of 83895?
True
Is 9 a factor of 1953?
True
Is 11 a factor of 268?
False
Does 91 divide 8463?
True
Is 6791 a multiple of 158?
False
Does 33 divide 191395?
False
Is 21427 a multiple of 7?
True
Does 103 divide 927?
True
Does 23 divide 1173?
True
Is 15 a factor of 8085?
True
Is 33 a factor of 330?
True
Is 9024 a multiple of 64?
True
Is 4114 a multiple of 242?
True
Is 36 a factor of 1332?
True
Does 13 divide 3210?
False
Is 79221 a multiple of 39?
False
Is 31 a factor of 3034?
False
Does 9 divide 54?
True
Is 22 a factor of 3378?
False
Is 1248 even?
True
Is 139 a factor of 278?
True
Is 31 a factor of 8308?
True
Is 72 a multiple of 18?
True
Does 15 divide 1290?
True
Does 13 divide 5980?
True
Is 127 a multiple of 2?
False
Is 20 a factor of 1380?
True
Does 12 divide 16016?
False
Does 361 divide 60356?
False
Is 8 a factor of 12897?
False
Is 39581 a multiple of 23?
False
Is 7 a factor of 5699?
False
Is 133 a factor of 12901?
True
Does 12 divide 1313?
False
Is 19 a factor of 1634?
True
Is 14982 a multiple of 33?
True
Is 35 a factor of 15513?
False
Is 32 a factor of 192?
True
Is 1144 a multiple of 16?
False
Does 43 divide 4128?
True
Does 24 divide 360?
True
Does 34 divide 2278?
True
Does 6 divide 2604?
True
Is 7866 a multiple of 57?
True
Is 7 a factor of 285?
False
Is 7 a factor of 1095?
False
Is 88 a factor of 21472?
True
Is 8 a factor of 256?
True
Is 20 a factor of 1424?
False
Is 1517 a multiple of 41?
True
Is 20285 a multiple of 30?
False
Does 20 divide 4567?
False
Is 741 a multiple of 174?
False
Is 19781 a multiple of 21?
False
Is 46329 a multiple of 216?
False
Does 8 divide 6720?
True
Is 111 a factor of 22974?
False
Is 22 a factor of 12529?
False
Does 9 divide 350?
False
Is 7729 a multiple of 25?
False
Is 7 a factor of 511?
True
Is 46 a factor of 1196?
True
Does 5 divide 52499?
False
Does 23 divide 578?
False
Is 185 a multiple of 4?
False
Is 523 a multiple of 21?
False
Is 47 a factor of 11317?
False
Does 24 divide 3217?
False
Is 5 a factor of 7567?
False
Is 48 a factor of 4368?
True
Is 15 a factor of 21492?
False
Is 36972 a multiple of 12?
True
Does 152 divide 38713?
False
Is 41 a factor of 574?
True
Is 82 a factor of 902?
True
Is 10216 a multiple of 51?
False
Does 17 divide 238?
True
Does 4 divide 10752?
True
Does 98 divide 5961?
False
Does 14 divide 641?
False
Is 87 a factor of 2697?
True
Is 323 a multiple of 21?
False
Is 3037 a multiple of 7?
False
Is 52 a factor of 795?
False
Is 9506 a multiple of 49?
True
Is 1575 a multiple of 25?
True
Does 4 divide 340?
True
Is 15 a factor of 423?
False
Does 170 divide 12920?
True
Is 24112 a multiple of 16?
True
Does 4 divide 344?
True
Is 42 a factor of 188?
False
Is 13 a factor of 21788?
True
Does 35 divide 1050?
True
Does 28 divide 280?
True
Is 4715 a multiple of 37?
False
Is 135 a factor of 29970?
True
Is 81 a factor of 6480?
True
Does 40 divide 800?
True
Is 71 a factor of 28471?
True
Is 45 a factor of 1935?
True
Is 18395 a multiple of 71?
False
Does 19 divide 47050?
False
Is 8 a factor of 13999?
False
Does 42 divide 4617?
False
Does 64 divide 525?
False
Does 112 divide 12831?
False
Does 40 divide 21640?
True
Is 3 a factor of 6786?
True
Is 2203 a multiple of 4?
False
Does 40 divide 15520?
True
Does 91 divide 277?
False
Is 15858 a multiple of 41?
False
Is 5 a factor of 960?
True
Does 13 divide 471?
False
Does 39 divide 3290?
False
Is 19 a factor of 4408?
True
Is 15162 a multiple of 42?
True
Is 877 a multiple of 49?
False
Is 72 a factor of 177552?
True
Does 14 divide 1569?
False
Is 5030 a multiple of 94?
False
Is 18 a factor of 513?
False
Is 200 a factor of 18600?
True
Does 20 divide 1680?
True
Is 21 a multiple of 3?
True
Is 5994 a multiple of 9?
True
Is 21641 a multiple of 17?
True
Is 17535 a multiple of 137?
False
Is 13499 a multiple of 178?
False
Is 19 a factor of 31540?
True
Is 54 a factor of 238?
False
Is 1900 a multiple of 25?
True
Does 8 divide 320?
True
Is 36 a factor of 989?
False
Is 29 a factor of 53906?
False
Is 49 a factor of 68306?
True
Is 157 a factor of 30551?
False
Does 25 divide 1050?
True
Does 5 divide 4540?
True
Is 6931 a multiple of 29?
True
Does 47 divide 17155?
True
Is 142 a factor of 5396?
True
Is 4409 a multiple of 24?
False
Is 45 a factor of 9348?
False
Does 7 divide 1253?
True
Is 77 a factor of 1392?
False
Is 42 a multiple of 26?
False
Is 76 a factor of 6688?
True
Is 665 a multiple of 36?
False
Is 11 a factor of 8434?
False
Does 13 divide 11187?
False
Is 40896 a multiple of 64?
True
Is 19130 a multiple of 10?
True
Does 92 divide 5152?
True
Is 156 a multiple of 3?
True
Does 27 divide 957?
False
Is 1333 a multiple of 30?
False
Is 2448 a multiple of 18?
True
Is 38 a factor of 24425?
False
Is 2 a factor of 1390?
True
Is 3638 a multiple of 17?
True
Does 9 divide 792?
True
Is 186 a multiple of 20?
False
Is 3328 a multiple of 17?
False
Does 46 divide 993?
False
Is 5480 a multiple of 118?
False
Is 10 a factor of 120?
True
Is 39 a factor of 6326?
False
Is 925 a multiple of 21?
False
Is 8 a factor of 1352?
True
Is 77 a factor of 15708?
True
Does 133 divide 52072?
False
Does 4 divide 393?
False
Is 101099 a multiple of 323?
True
Does 5 divide 29932?
False
Does 115 divide 3008?
False
Is 4 a factor of 1131?
False
Is 23 a factor of 37497?
False
Is 5 a factor of 200?
True
Is 777 a multiple of 37?
True
Is 37 a factor of 10434?
True
Is 19 a factor of 2996?
False
Is 9938 a multiple of 102?
False
Does 5 divide 130?
True
Is 72 a factor of 33020?
False
Is 20836 a multiple of 7?
False
Does 16 divide 179?
False
Is 340 a multiple of 10?
True
Is 1148 a multiple of 2?
True
Does 32 divide 357?
False
Is 956 a multiple of 6?
False
Is 6776 a multiple of 14?
True
Is 7 a factor of 18620?
True
Is 21 a factor of 3220?
False
Is 1667 a multiple of 33?
False
Is 22 a factor of 945?
False
Does 16 divide 928?
True
Is 116 a factor of 2436?
True
Is 14 a factor of 994?
True
Is 216 a factor of 36719?
False
Does 65 divide 42459?
False
Is 388 a multiple of 3?
False
Is 6957 a multiple of 16?
False
Is 1314 a multiple of 18?
True
Is 37179 a multiple of 81?
True
Does 23 divide 151?
False
Does 43 divide 11051?
True
Does 12 divide 9011?
False
Is 47946 a multiple of 7?
False
Does 43 divide 1081?
False
Does 126 divide 12729?
False
Is 40799 a multiple of 245?
False
Does 21 divide 4116?
True
Is 15 a factor of 2265?
True
Is 544 a multiple of 4?
True
Does 11 divide 3762?
True
Is 10 a factor of 401?
False
Does 278 divide 21803?
False
Is 140 a multiple of 4?
True
Does 5 divide 15607?
False
Is 2316 a multiple of 38?
False
Does 4 divide 366?
False
Is 9